3
In base 4, what is 12301130 + 11?
12301201
In base 2, what is -1110000 - -10011010?
101010
In base 5, what is -24 - 320?
-344
In base 14, what is -c + 8?
-4
In base 10, what is -1 + -18?
-19
In base 10, what is 1 + 77?
78
In base 12, what is -4 - -17b?
177
In base 12, what is 67 + 25?
90
In base 8, what is -314 - -1?
-313
In base 3, what is 0 + -20?
-20
In base 7, what is -6 + 301?
262
In base 4, what is -3202 - -3?
-3133
In base 11, what is -7 - -45?
39
In base 9, what is -4401 - 2?
-4403
In base 2, what is 101101111 - -1010?
101111001
In base 5, what is -10 + 110203?
110143
In base 10, what is 1 + -111?
-110
In base 9, what is 3 + 100?
103
In base 14, what is 93 + 3?
96
In base 10, what is -532 + 4?
-528
In base 9, what is -772 - -11?
-761
In base 15, what is -5c - 4?
-61
In base 7, what is 4102 + -3?
4066
In base 3, what is 0 + -12002?
-12002
In base 16, what is 2 - 36?
-34
In base 7, what is -4 + -1034?
-1041
In base 14, what is -bb3 + -4?
-bb7
In base 10, what is -1 + 762?
761
In base 5, what is 24040 - 23?
24012
In base 12, what is -13 + 63?
50
In base 14, what is 11 - -45?
56
In base 9, what is -7434 + 2?
-7432
In base 5, what is 20 + 24?
44
In base 2, what is 1 - -11010?
11011
In base 3, what is 1022 + -22?
1000
In base 16, what is -3df - 1c?
-3fb
In base 3, what is -101 - 22110?
-22211
In base 8, what is -6 + -256?
-264
In base 15, what is 8 - -2d4?
2dc
In base 9, what is -74 + -7?
-82
In base 10, what is 465 + -3?
462
In base 4, what is 2 + 12131?
12133
In base 8, what is 3 + 14?
17
In base 11, what is -4 + 53?
4a
In base 4, what is 110 - 23?
21
In base 13, what is 102 + 0?
102
In base 16, what is -7c2 - 0?
-7c2
In base 13, what is 348b + -3?
3488
In base 16, what is -3ba + 1?
-3b9
In base 10, what is 5 - 3145?
-3140
In base 12, what is 4050 + -1?
404b
In base 11, what is 0 - 68?
-68
In base 6, what is 2122 - -11?
2133
In base 9, what is -66 + 0?
-66
In base 15, what is 97 + -5?
92
In base 7, what is 1 + 113?
114
In base 3, what is 1212 + 21?
2010
In base 11, what is 95 - -3?
98
In base 5, what is 0 - -140?
140
In base 2, what is 10 + 1011111?
1100001
In base 8, what is 21 + -1?
20
In base 15, what is -3 - -2d?
2a
In base 15, what is a71 + 3?
a74
In base 9, what is -2 - -31?
28
In base 14, what is -1a3 - -2?
-1a1
In base 7, what is 1 - -1014?
1015
In base 14, what is 53 + -a4?
-51
In base 11, what is 5 - -1?
6
In base 4, what is -10323 - -200?
-10123
In base 11, what is -771 + -19?
-78a
In base 2, what is -10 + -1000110100?
-1000110110
In base 2, what is 101011 - 11000000?
-10010101
In base 16, what is 7 + -214?
-20d
In base 2, what is -100 + -10000100?
-10001000
In base 4, what is 20 - -12312?
12332
In base 4, what is 10 + 2?
12
In base 2, what is 11100001010 + 101?
11100001111
In base 3, what is 201011 - 120?
200121
In base 16, what is 2 - 100?
-fe
In base 15, what is 3 + 132?
135
In base 5, what is 20 - -324?
344
In base 7, what is 3015 + 3?
3021
In base 13, what is -c - -12?
3
In base 10, what is 7827 - -4?
7831
In base 13, what is 1 - 339?
-338
In base 10, what is 0 - -153?
153
In base 13, what is 3 + 15c?
162
In base 12, what is -248 - 5?
-251
In base 7, what is 5 - 6151?
-6143
In base 3, what is 10112 + -11?
10101
In base 9, what is 27 - 32?
-4
In base 2, what is -10101 + 1?
-10100
In base 6, what is -40 + 42?
2
In base 8, what is -1060 + -1?
-1061
In base 15, what is 4 + 36?
3a
In base 13, what is -15 + -40c?
-424
In base 2, what is -1100100 + 100?
-1100000
In base 3, what is -12 - -1111?
1022
In base 5, what is 3020 - -2?
3022
In base 4, what is -10331 + -1?
-10332
In base 16, what is 15b8 - 4?
15b4
In base 7, what is -2 + 2640?
2635
In base 13, what is -36 - 5?
-3b
In base 3, what is -20 - -1000102?
1000012
In base 13, what is -107b - 2?
-1080
In base 4, what is -1101 + 33?
-1002
In base 5, what is -3 + 330?
322
In base 5, what is 12 - 422?
-410
In base 6, what is 130 - -14?
144
In base 12, what is 366 + -2?
364
In base 14, what is -a7 - 2?
-a9
In base 10, what is 44 - -6?
50
In base 3, what is 22 + -2020?
-1221
In base 5, what is 2 - -122?
124
In base 15, what is -6d - -1?
-6c
In base 11, what is 1241 + 2?
1243
In base 5, what is -12 - 1014?
-1031
In base 15, what is -3d - 2a?
-68
In base 8, what is 3 + 341?
344
In base 13, what is -5 + c87?
c82
In base 9, what is 726 + -4?
722
In base 5, what is -112 - -110?
-2
In base 15, what is -2b4 - 2?
-2b6
In base 9, what is -82 + -8?
-101
In base 6, what is 2131 + -2?
2125
In base 5, what is 40 - -21?
111
In base 14, what is 12c + -1d?
10d
In base 5, what is 423 + 2?
430
In base 3, what is -1000 - 10000?
-11000
In base 5, what is 112214 + -3?
112211
In base 6, what is 5425 + 4?
5433
In base 4, what is -2233003 - -10?
-2232333
In base 16, what is -4 - -b5?
b1
In base 12, what is -21 - 7?
-28
In base 15, what is 17 - -56?
6d
In base 2, what is 0 + -100100101?
-100100101
In base 6, what is 520 + 5?
525
In base 5, what is 312 + 31?
343
In base 7, what is -1 + -434?
-435
In base 3, what is -12 + 1000122?
1000110
In base 11, what is -2264 + -5?
-2269
In base 3, what is 10 - -1211?
1221
In base 3, what is 11 + 10111?
10122
In base 11, what is 433 - -3?
436
In base 16, what is -9 - d?
-16
In base 4, what is 3 + -3023?
-3020
In base 2, what is -11101000 - 100?
-11101100
In base 12, what is 4a7 + 6?
4b1
In base 5, what is 2 - -1422?
1424
In base 3, what is 202122 + 12?
202211
In base 9, what is -6 + -2351?
-2357
In base 16, what is -6b + 38?
-33
In base 15, what is -62 + -13?
-75
In base 12, what is -15 + 3?
-12
In base 2, what is -110 - 10100010?
-10101000
In base 5, what is -201 - -10?
-141
In base 16, what is -115 + 15?
-100
In base 13, what is 2 + -115?
-113
In base 3, what is -10012 + 11?
-10001
In base 8, what is 5 + 211?
216
In base 4, what is -1303302 - 2?
-1303310
In base 13, what is 718 - -3?
71b
In base 9, what is -3 + 176?
173
In base 9, what is 141 + 5?
146
In base 15, what is -35 - 1c7?
-20c
In base 11, what is 7 - -1a6?
202
In base 11, what is 28 + -5?
23
In base 7, what is -22062 + -1?
-22063
In base 12, what is 10 + 53?
63
In base 13, what is -3 + -3a?
-40
In base 6, what is -2 + 131?
125
In base 9, what is -5 - 641?
-646
In base 12, what is -6 - b?
-15
In base 6, what is 15 + 1102?
1121
In base 10, what is 81 + -15?
66
In base 6, what is -11 - -4?
-3
In base 8, what is -16 + -135?
-153
In base 13, what is 1 - 70b?
-70a
In base 3, what is 10 + 12?
22
In base 13, what is 1a - -44?
61
In base 2, what is 10001101 - 101?
10001000
In base 9, what is 548 - 4?
544
In base 5, what is 33134 - -2?
33141
In base 4, what is -1 + -203002?
-203003
In base 4, what is 10 - 101?
-31
In base 12, what is 3 + 1569?
1570
In base 13, what is 0 + -190?
-190
In base 15, what is 5 - 52?
-4c
In base 8, what is -321 + -5?
-326
In base 2, what is 110111110 - 10110?
110101000
In base 8, what is 200476 - 4?
200472
In base 12, what is -4b + 5?
-46
In base 15, what is -15 - -247?
232
In base 7, what is 32 + 3?
35
In base 2, what is -1001110010 + -101?
-1001110111
In base 14, what is -4 + -150?
-154
In base 7, what is 45 + 4?
52
In base 4, what is 11 + 33?
110
In base 14, what is -1 - -597?
596
In base 7, what is 4 - 262?
-255
In base 3, what is 1120 + -102?
1011
In base 6, what is -1 - -10?
5
In base 5, what is 0 - -302?
302
In base 14, what is a2 + 0?
a2
In base 13, what is 68 - -45?
b0
In base 12, what is -13 - 44?
-57
In base 5, what is -14 - 123110?
-123124
In base 15, what is 57 - -5?
5c
In base 11, what is 34 + 3?
37
In base 14, what is -3 + -389?
-38c
In base 2, what is 11010 - 1011?
1111
In base 13, what is 8 - -4c?
57
In base 4, what is -1313 + -33?
-2012
In base 6, what is 255 + 15?
314
In base 9, what is -373 + 1?
-372
In base 2, what is -100001 + 100111?
110
In base 3, what is 1120000 - 1?
1112222
In base 8, what is 1062 + -5?
1055
In base 12, what is 2a76 + 0?
2a76
In base 5, what is 20 - -104?
124
In base 4, what is -1102 - -1?
-1101
In base 6, what is 0 - -11?
11
In base 10, what is 4 + -849?
-845
In base 4, what is 12 + 1101?
1113
In base 15, what is 4 - -1d2c?
1d31
In base 4, what is 301113 + 1?
301120
In base 16, what is 1353 - 0?
1353
In base 3, what is -10 - 1100?
-1110
In base 15, what is -1 + -2b4?
-2b5
In base 3, what is 1 - 1212021?
-1212020
In base 5, what is -13 + 24?
11
In